{"id":1278,"date":"2023-02-11T09:54:24","date_gmt":"2023-02-11T09:54:24","guid":{"rendered":"https:\/\/mariabaydar.com\/uus\/?post_type=product&#038;p=1278"},"modified":"2023-10-23T16:13:48","modified_gmt":"2023-10-23T16:13:48","slug":"armastuse-tee-iseendani","status":"publish","type":"product","link":"https:\/\/mariabaydar.com\/uus\/toode\/armastuse-tee-iseendani\/","title":{"rendered":"Armastuse tee iseendani"},"content":{"rendered":"","protected":false},"excerpt":{"rendered":"<p>&#8220;Armastuse tee iseendani&#8221; on praktiline t\u00f6\u00f6vihik, mis avab uksed enesearmastuse maagilisse maailma.<\/p>\n<p>Kas oled valmis avastama s\u00fcgavamat armastust iseenda vastu? Tahad tunda r\u00f5\u00f5mu, tasakaalu ja rahulolu enda elus? Siis see t\u00f6\u00f6vihik on just Sinu jaoks!<\/p>\n<p>K\u00e4esolev potentsiaalit\u00f6\u00f6vihik on loodud pol\u00fcteraapia alustel, et juhendada sind rohkem oma piire austama, leidma \u00fcles oma sisemist r\u00f5\u00f5mu ja looma suurep\u00e4rast suhet iseenda ja teistega. <\/p>\n<p>Pol\u00fcteraapia meetod on praktiline eneseteraapia, mille l\u00e4bi \u00f5pid vabanema mineviku \u00e4ngistavatest uskumustest, taastad eneseusalduse ja lood samm-sammult s\u00fcgava ja m\u00f5testatud elu nii, et Sul on iseendaga hea koos olla.  <\/p>\n<p>Olenemata sellest, kas su elus on keerulised v\u00e4ljakutsed v\u00f5i soovid lihtsalt enda arengule keskenduda, see t\u00f6\u00f6vihik annab sulle vajalikud vahendid ja inspiratsiooni, et astuda julgelt edasi omaenda armastuse teekonnal.<\/p>\n<p>Soeta &#8220;Armastuse tee iseendani&#8221; t\u00f6\u00f6vihik ja avasta uus maailm t\u00e4is armastust iseenda ja elu vastu!<\/p>\n<p>NB! Toote eest tagastatakse raha ainult juhul, kui praktiliste harjutuste tulemusena saadud v\u00e4\u00e4rtus ei vasta Teie ootustele (n\u00e4iteks kui olete t\u00e4itnud t\u00f6\u00f6vihiku l\u00f5puni, kuid pole saavutanud soovitud tulemusi). Muul juhul ei ole v\u00f5imalik toodet tagastada.<\/p>\n","protected":false},"featured_media":2415,"template":"","meta":[],"product_cat":[29],"product_tag":[],"class_list":{"0":"post-1278","1":"product","2":"type-product","3":"status-publish","4":"has-post-thumbnail","6":"product_cat-raamatud-materjalid","8":"first","9":"instock","10":"sale","11":"shipping-taxable","12":"purchasable","13":"product-type-simple"},"yoast_head":"<!-- This site is optimized with the Yoast SEO plugin v21.9.1 - https:\/\/yoast.com\/wordpress\/plugins\/seo\/ -->\n<title>Armastuse tee iseendani - Maria Baydar<\/title>\n<meta name=\"description\" content=\"K\u00e4esolev &quot;Armastuse tee iseendani&quot; potentsiaalit\u00f6\u00f6vihik on loodud pol\u00fcteraapia alustel, et juhendada Sind oma teekonnal iseendani.\" \/>\n<meta name=\"robots\" content=\"index, follow, max-snippet:-1, max-image-preview:large, max-video-preview:-1\" \/>\n<link rel=\"canonical\" href=\"https:\/\/mariabaydar.com\/uus\/toode\/armastuse-tee-iseendani\/\" \/>\n<meta property=\"og:locale\" content=\"en_US\" \/>\n<meta property=\"og:type\" content=\"article\" \/>\n<meta property=\"og:title\" content=\"Armastuse tee iseendani - Maria Baydar\" \/>\n<meta property=\"og:description\" content=\"K\u00e4esolev &quot;Armastuse tee iseendani&quot; potentsiaalit\u00f6\u00f6vihik on loodud pol\u00fcteraapia alustel, et juhendada Sind oma teekonnal iseendani.\" \/>\n<meta property=\"og:url\" content=\"https:\/\/mariabaydar.com\/uus\/toode\/armastuse-tee-iseendani\/\" \/>\n<meta property=\"og:site_name\" content=\"Maria Baydar\" \/>\n<meta property=\"article:publisher\" content=\"https:\/\/www.facebook.com\/IgapaevaneMaagia\" \/>\n<meta property=\"article:modified_time\" content=\"2023-10-23T16:13:48+00:00\" \/>\n<meta property=\"og:image\" content=\"https:\/\/mariabaydar.com\/uus\/wp-content\/uploads\/2023\/02\/Ivory-and-Blue-Clean-Simple-Minimalist-Editors-Choice-Book-Instagram-Post-3.jpg\" \/>\n\t<meta property=\"og:image:width\" content=\"1080\" \/>\n\t<meta property=\"og:image:height\" content=\"1080\" \/>\n\t<meta property=\"og:image:type\" content=\"image\/jpeg\" \/>\n<meta name=\"twitter:card\" content=\"summary_large_image\" \/>\n<script type=\"application\/ld+json\" class=\"yoast-schema-graph\">{\"@context\":\"https:\/\/schema.org\",\"@graph\":[{\"@type\":\"WebPage\",\"@id\":\"https:\/\/mariabaydar.com\/uus\/toode\/armastuse-tee-iseendani\/\",\"url\":\"https:\/\/mariabaydar.com\/uus\/toode\/armastuse-tee-iseendani\/\",\"name\":\"Armastuse tee iseendani - Maria Baydar\",\"isPartOf\":{\"@id\":\"https:\/\/mariabaydar.com\/uus\/#website\"},\"datePublished\":\"2023-02-11T09:54:24+00:00\",\"dateModified\":\"2023-10-23T16:13:48+00:00\",\"description\":\"K\u00e4esolev \\\"Armastuse tee iseendani\\\" potentsiaalit\u00f6\u00f6vihik on loodud pol\u00fcteraapia alustel, et juhendada Sind oma teekonnal iseendani.\",\"breadcrumb\":{\"@id\":\"https:\/\/mariabaydar.com\/uus\/toode\/armastuse-tee-iseendani\/#breadcrumb\"},\"inLanguage\":\"en\",\"potentialAction\":[{\"@type\":\"ReadAction\",\"target\":[\"https:\/\/mariabaydar.com\/uus\/toode\/armastuse-tee-iseendani\/\"]}]},{\"@type\":\"BreadcrumbList\",\"@id\":\"https:\/\/mariabaydar.com\/uus\/toode\/armastuse-tee-iseendani\/#breadcrumb\",\"itemListElement\":[{\"@type\":\"ListItem\",\"position\":1,\"name\":\"Home\",\"item\":\"https:\/\/mariabaydar.com\/uus\/\"},{\"@type\":\"ListItem\",\"position\":2,\"name\":\"E shop\",\"item\":\"https:\/\/mariabaydar.com\/uus\/pood\/\"},{\"@type\":\"ListItem\",\"position\":3,\"name\":\"Armastuse tee iseendani\"}]},{\"@type\":\"WebSite\",\"@id\":\"https:\/\/mariabaydar.com\/uus\/#website\",\"url\":\"https:\/\/mariabaydar.com\/uus\/\",\"name\":\"Maria Baydar\",\"description\":\"Koolitaja, heaolu strateeg, elustiili treener\",\"publisher\":{\"@id\":\"https:\/\/mariabaydar.com\/uus\/#organization\"},\"potentialAction\":[{\"@type\":\"SearchAction\",\"target\":{\"@type\":\"EntryPoint\",\"urlTemplate\":\"https:\/\/mariabaydar.com\/uus\/?s={search_term_string}\"},\"query-input\":\"required name=search_term_string\"}],\"inLanguage\":\"en\"},{\"@type\":\"Organization\",\"@id\":\"https:\/\/mariabaydar.com\/uus\/#organization\",\"name\":\"Maria Baydar\",\"url\":\"https:\/\/mariabaydar.com\/uus\/\",\"logo\":{\"@type\":\"ImageObject\",\"inLanguage\":\"en\",\"@id\":\"https:\/\/mariabaydar.com\/uus\/#\/schema\/logo\/image\/\",\"url\":\"https:\/\/mariabaydar.com\/uus\/wp-content\/uploads\/2022\/12\/logodark.png\",\"contentUrl\":\"https:\/\/mariabaydar.com\/uus\/wp-content\/uploads\/2022\/12\/logodark.png\",\"width\":903,\"height\":71,\"caption\":\"Maria Baydar\"},\"image\":{\"@id\":\"https:\/\/mariabaydar.com\/uus\/#\/schema\/logo\/image\/\"},\"sameAs\":[\"https:\/\/www.facebook.com\/IgapaevaneMaagia\",\"https:\/\/www.youtube.com\/channel\/UC-QV6MUEJz3vYYyJ_mFCRWQ\",\"https:\/\/www.instagram.com\/maria_baydar\/\"]}]}<\/script>\n<!-- \/ Yoast SEO plugin. -->","yoast_head_json":{"title":"Armastuse tee iseendani - Maria Baydar","description":"K\u00e4esolev \"Armastuse tee iseendani\" potentsiaalit\u00f6\u00f6vihik on loodud pol\u00fcteraapia alustel, et juhendada Sind oma teekonnal iseendani.","robots":{"index":"index","follow":"follow","max-snippet":"max-snippet:-1","max-image-preview":"max-image-preview:large","max-video-preview":"max-video-preview:-1"},"canonical":"https:\/\/mariabaydar.com\/uus\/toode\/armastuse-tee-iseendani\/","og_locale":"en_US","og_type":"article","og_title":"Armastuse tee iseendani - Maria Baydar","og_description":"K\u00e4esolev \"Armastuse tee iseendani\" potentsiaalit\u00f6\u00f6vihik on loodud pol\u00fcteraapia alustel, et juhendada Sind oma teekonnal iseendani.","og_url":"https:\/\/mariabaydar.com\/uus\/toode\/armastuse-tee-iseendani\/","og_site_name":"Maria Baydar","article_publisher":"https:\/\/www.facebook.com\/IgapaevaneMaagia","article_modified_time":"2023-10-23T16:13:48+00:00","og_image":[{"width":1080,"height":1080,"url":"https:\/\/mariabaydar.com\/uus\/wp-content\/uploads\/2023\/02\/Ivory-and-Blue-Clean-Simple-Minimalist-Editors-Choice-Book-Instagram-Post-3.jpg","type":"image\/jpeg"}],"twitter_card":"summary_large_image","schema":{"@context":"https:\/\/schema.org","@graph":[{"@type":"WebPage","@id":"https:\/\/mariabaydar.com\/uus\/toode\/armastuse-tee-iseendani\/","url":"https:\/\/mariabaydar.com\/uus\/toode\/armastuse-tee-iseendani\/","name":"Armastuse tee iseendani - Maria Baydar","isPartOf":{"@id":"https:\/\/mariabaydar.com\/uus\/#website"},"datePublished":"2023-02-11T09:54:24+00:00","dateModified":"2023-10-23T16:13:48+00:00","description":"K\u00e4esolev \"Armastuse tee iseendani\" potentsiaalit\u00f6\u00f6vihik on loodud pol\u00fcteraapia alustel, et juhendada Sind oma teekonnal iseendani.","breadcrumb":{"@id":"https:\/\/mariabaydar.com\/uus\/toode\/armastuse-tee-iseendani\/#breadcrumb"},"inLanguage":"en","potentialAction":[{"@type":"ReadAction","target":["https:\/\/mariabaydar.com\/uus\/toode\/armastuse-tee-iseendani\/"]}]},{"@type":"BreadcrumbList","@id":"https:\/\/mariabaydar.com\/uus\/toode\/armastuse-tee-iseendani\/#breadcrumb","itemListElement":[{"@type":"ListItem","position":1,"name":"Home","item":"https:\/\/mariabaydar.com\/uus\/"},{"@type":"ListItem","position":2,"name":"E shop","item":"https:\/\/mariabaydar.com\/uus\/pood\/"},{"@type":"ListItem","position":3,"name":"Armastuse tee iseendani"}]},{"@type":"WebSite","@id":"https:\/\/mariabaydar.com\/uus\/#website","url":"https:\/\/mariabaydar.com\/uus\/","name":"Maria Baydar","description":"Koolitaja, heaolu strateeg, elustiili treener","publisher":{"@id":"https:\/\/mariabaydar.com\/uus\/#organization"},"potentialAction":[{"@type":"SearchAction","target":{"@type":"EntryPoint","urlTemplate":"https:\/\/mariabaydar.com\/uus\/?s={search_term_string}"},"query-input":"required name=search_term_string"}],"inLanguage":"en"},{"@type":"Organization","@id":"https:\/\/mariabaydar.com\/uus\/#organization","name":"Maria Baydar","url":"https:\/\/mariabaydar.com\/uus\/","logo":{"@type":"ImageObject","inLanguage":"en","@id":"https:\/\/mariabaydar.com\/uus\/#\/schema\/logo\/image\/","url":"https:\/\/mariabaydar.com\/uus\/wp-content\/uploads\/2022\/12\/logodark.png","contentUrl":"https:\/\/mariabaydar.com\/uus\/wp-content\/uploads\/2022\/12\/logodark.png","width":903,"height":71,"caption":"Maria Baydar"},"image":{"@id":"https:\/\/mariabaydar.com\/uus\/#\/schema\/logo\/image\/"},"sameAs":["https:\/\/www.facebook.com\/IgapaevaneMaagia","https:\/\/www.youtube.com\/channel\/UC-QV6MUEJz3vYYyJ_mFCRWQ","https:\/\/www.instagram.com\/maria_baydar\/"]}]}},"_links":{"self":[{"href":"https:\/\/mariabaydar.com\/uus\/wp-json\/wp\/v2\/product\/1278","targetHints":{"allow":["GET"]}}],"collection":[{"href":"https:\/\/mariabaydar.com\/uus\/wp-json\/wp\/v2\/product"}],"about":[{"href":"https:\/\/mariabaydar.com\/uus\/wp-json\/wp\/v2\/types\/product"}],"wp:featuredmedia":[{"embeddable":true,"href":"https:\/\/mariabaydar.com\/uus\/wp-json\/wp\/v2\/media\/2415"}],"wp:attachment":[{"href":"https:\/\/mariabaydar.com\/uus\/wp-json\/wp\/v2\/media?parent=1278"}],"wp:term":[{"taxonomy":"product_cat","embeddable":true,"href":"https:\/\/mariabaydar.com\/uus\/wp-json\/wp\/v2\/product_cat?post=1278"},{"taxonomy":"product_tag","embeddable":true,"href":"https:\/\/mariabaydar.com\/uus\/wp-json\/wp\/v2\/product_tag?post=1278"}],"curies":[{"name":"wp","href":"https:\/\/api.w.org\/{rel}","templated":true}]}}