{"id":1280,"date":"2023-02-11T09:56:24","date_gmt":"2023-02-11T09:56:24","guid":{"rendered":"https:\/\/mariabaydar.com\/uus\/?post_type=product&#038;p=1280"},"modified":"2023-10-16T11:18:42","modified_gmt":"2023-10-16T11:18:42","slug":"vari","status":"publish","type":"product","link":"https:\/\/mariabaydar.com\/uus\/toode\/vari\/","title":{"rendered":"Praktikavihik VARI"},"content":{"rendered":"","protected":false},"excerpt":{"rendered":"<p>Varjuk\u00fclje avastamine &#8211; p\u00f5nev ja intrigeeriv teekond inimese ps\u00fc\u00fchika s\u00fcgavustesse!<\/p>\n<p>Kas oled kunagi m\u00f5elnud, mis toimub sinu m\u00f5tete ja emotsioonide tumedamas nurgas?  <\/p>\n<p>Meis k\u00f5igis on olemas nii valguse kui ka varju pool. Praktikavihik &#8220;VARI&#8221; pakub sulle v\u00f5imalust uurida oma tumedamat poolt. Varjuk\u00fclje osaks on k\u00f5ik ebameeldivad tunded, varjatud soovid, kinnisideed, traumad, ihad, hirmud, feti\u0161id &#8211; k\u00f5ik, millele inimene ei julge otsa vaadata ega endale tunnistada.<\/p>\n<p>Teadvustades ja tunnistades oma varju, saab temast aga v\u00e4\u00e4rtuslik ja v\u00f5imas v\u00e4gi, mida saad oma elus kasutada igap\u00e4evaselt edu ja \u00f5nne loomiseks. Varjuk\u00fcljes peitub tohutu potentsiaal.<\/p>\n<p>Praktiline t\u00f6\u00f6vihik on loodud selleks, et saaksid kaasa m\u00f5elda, uurida ja avastada endas p\u00f5nevaid ja salap\u00e4raseid tahke. L\u00e4bi varjukogemuste j\u00f5uad oma sisemise v\u00e4eni, sa lood oma elus selgust ja saavutad reaalseid tulemusi.<\/p>\n<p>Soeta endale &#8220;VARI&#8221; ja sukeldu inimhinge varju valgustamise teekonnale!<\/p>\n<p>NB! Toote eest tagastatakse raha ainult juhul, kui praktiliste harjutuste tulemusena saadud v\u00e4\u00e4rtus ei vasta Teie ootustele (n\u00e4iteks kui olete t\u00e4itnud t\u00f6\u00f6vihiku l\u00f5puni, kuid pole saavutanud soovitud tulemusi). Muul juhul ei ole v\u00f5imalik toodet tagastada.<\/p>\n","protected":false},"featured_media":2414,"template":"","meta":[],"product_cat":[29],"product_tag":[],"class_list":{"0":"post-1280","1":"product","2":"type-product","3":"status-publish","4":"has-post-thumbnail","6":"product_cat-raamatud-materjalid","8":"first","9":"instock","10":"sale","11":"sold-individually","12":"shipping-taxable","13":"purchasable","14":"product-type-simple"},"yoast_head":"<!-- This site is optimized with the Yoast SEO plugin v21.9.1 - https:\/\/yoast.com\/wordpress\/plugins\/seo\/ -->\n<title>Praktikavihik VARI - Maria Baydar<\/title>\n<meta name=\"description\" content=\"Varju t\u00f6\u00f6vihik toimib p\u00f5him\u00f5ttel Teadvustamine = tervenemine. Kutsun sind varju valgustamise teekonnale, mis on sinu elu k\u00f5ige t\u00e4htsam teekond.\" \/>\n<meta name=\"robots\" content=\"index, follow, max-snippet:-1, max-image-preview:large, max-video-preview:-1\" \/>\n<link rel=\"canonical\" href=\"https:\/\/mariabaydar.com\/uus\/toode\/vari\/\" \/>\n<meta property=\"og:locale\" content=\"en_US\" \/>\n<meta property=\"og:type\" content=\"article\" \/>\n<meta property=\"og:title\" content=\"Praktikavihik VARI - Maria Baydar\" \/>\n<meta property=\"og:description\" content=\"Varju t\u00f6\u00f6vihik toimib p\u00f5him\u00f5ttel Teadvustamine = tervenemine. Kutsun sind varju valgustamise teekonnale, mis on sinu elu k\u00f5ige t\u00e4htsam teekond.\" \/>\n<meta property=\"og:url\" content=\"https:\/\/mariabaydar.com\/uus\/toode\/vari\/\" \/>\n<meta property=\"og:site_name\" content=\"Maria Baydar\" \/>\n<meta property=\"article:publisher\" content=\"https:\/\/www.facebook.com\/IgapaevaneMaagia\" \/>\n<meta property=\"article:modified_time\" content=\"2023-10-16T11:18:42+00:00\" \/>\n<meta property=\"og:image\" content=\"https:\/\/mariabaydar.com\/uus\/wp-content\/uploads\/2023\/02\/Ivory-and-Blue-Clean-Simple-Minimalist-Editors-Choice-Book-Instagram-Post-2-1.jpg\" \/>\n\t<meta property=\"og:image:width\" content=\"1080\" \/>\n\t<meta property=\"og:image:height\" content=\"1080\" \/>\n\t<meta property=\"og:image:type\" content=\"image\/jpeg\" \/>\n<meta name=\"twitter:card\" content=\"summary_large_image\" \/>\n<script type=\"application\/ld+json\" class=\"yoast-schema-graph\">{\"@context\":\"https:\/\/schema.org\",\"@graph\":[{\"@type\":\"WebPage\",\"@id\":\"https:\/\/mariabaydar.com\/uus\/toode\/vari\/\",\"url\":\"https:\/\/mariabaydar.com\/uus\/toode\/vari\/\",\"name\":\"Praktikavihik VARI - Maria Baydar\",\"isPartOf\":{\"@id\":\"https:\/\/mariabaydar.com\/uus\/#website\"},\"datePublished\":\"2023-02-11T09:56:24+00:00\",\"dateModified\":\"2023-10-16T11:18:42+00:00\",\"description\":\"Varju t\u00f6\u00f6vihik toimib p\u00f5him\u00f5ttel Teadvustamine = tervenemine. Kutsun sind varju valgustamise teekonnale, mis on sinu elu k\u00f5ige t\u00e4htsam teekond.\",\"breadcrumb\":{\"@id\":\"https:\/\/mariabaydar.com\/uus\/toode\/vari\/#breadcrumb\"},\"inLanguage\":\"en\",\"potentialAction\":[{\"@type\":\"ReadAction\",\"target\":[\"https:\/\/mariabaydar.com\/uus\/toode\/vari\/\"]}]},{\"@type\":\"BreadcrumbList\",\"@id\":\"https:\/\/mariabaydar.com\/uus\/toode\/vari\/#breadcrumb\",\"itemListElement\":[{\"@type\":\"ListItem\",\"position\":1,\"name\":\"Home\",\"item\":\"https:\/\/mariabaydar.com\/uus\/\"},{\"@type\":\"ListItem\",\"position\":2,\"name\":\"E shop\",\"item\":\"https:\/\/mariabaydar.com\/uus\/pood\/\"},{\"@type\":\"ListItem\",\"position\":3,\"name\":\"Praktikavihik VARI\"}]},{\"@type\":\"WebSite\",\"@id\":\"https:\/\/mariabaydar.com\/uus\/#website\",\"url\":\"https:\/\/mariabaydar.com\/uus\/\",\"name\":\"Maria Baydar\",\"description\":\"Koolitaja, heaolu strateeg, elustiili treener\",\"publisher\":{\"@id\":\"https:\/\/mariabaydar.com\/uus\/#organization\"},\"potentialAction\":[{\"@type\":\"SearchAction\",\"target\":{\"@type\":\"EntryPoint\",\"urlTemplate\":\"https:\/\/mariabaydar.com\/uus\/?s={search_term_string}\"},\"query-input\":\"required name=search_term_string\"}],\"inLanguage\":\"en\"},{\"@type\":\"Organization\",\"@id\":\"https:\/\/mariabaydar.com\/uus\/#organization\",\"name\":\"Maria Baydar\",\"url\":\"https:\/\/mariabaydar.com\/uus\/\",\"logo\":{\"@type\":\"ImageObject\",\"inLanguage\":\"en\",\"@id\":\"https:\/\/mariabaydar.com\/uus\/#\/schema\/logo\/image\/\",\"url\":\"https:\/\/mariabaydar.com\/uus\/wp-content\/uploads\/2022\/12\/logodark.png\",\"contentUrl\":\"https:\/\/mariabaydar.com\/uus\/wp-content\/uploads\/2022\/12\/logodark.png\",\"width\":903,\"height\":71,\"caption\":\"Maria Baydar\"},\"image\":{\"@id\":\"https:\/\/mariabaydar.com\/uus\/#\/schema\/logo\/image\/\"},\"sameAs\":[\"https:\/\/www.facebook.com\/IgapaevaneMaagia\",\"https:\/\/www.youtube.com\/channel\/UC-QV6MUEJz3vYYyJ_mFCRWQ\",\"https:\/\/www.instagram.com\/maria_baydar\/\"]}]}<\/script>\n<!-- \/ Yoast SEO plugin. -->","yoast_head_json":{"title":"Praktikavihik VARI - Maria Baydar","description":"Varju t\u00f6\u00f6vihik toimib p\u00f5him\u00f5ttel Teadvustamine = tervenemine. Kutsun sind varju valgustamise teekonnale, mis on sinu elu k\u00f5ige t\u00e4htsam teekond.","robots":{"index":"index","follow":"follow","max-snippet":"max-snippet:-1","max-image-preview":"max-image-preview:large","max-video-preview":"max-video-preview:-1"},"canonical":"https:\/\/mariabaydar.com\/uus\/toode\/vari\/","og_locale":"en_US","og_type":"article","og_title":"Praktikavihik VARI - Maria Baydar","og_description":"Varju t\u00f6\u00f6vihik toimib p\u00f5him\u00f5ttel Teadvustamine = tervenemine. Kutsun sind varju valgustamise teekonnale, mis on sinu elu k\u00f5ige t\u00e4htsam teekond.","og_url":"https:\/\/mariabaydar.com\/uus\/toode\/vari\/","og_site_name":"Maria Baydar","article_publisher":"https:\/\/www.facebook.com\/IgapaevaneMaagia","article_modified_time":"2023-10-16T11:18:42+00:00","og_image":[{"width":1080,"height":1080,"url":"https:\/\/mariabaydar.com\/uus\/wp-content\/uploads\/2023\/02\/Ivory-and-Blue-Clean-Simple-Minimalist-Editors-Choice-Book-Instagram-Post-2-1.jpg","type":"image\/jpeg"}],"twitter_card":"summary_large_image","schema":{"@context":"https:\/\/schema.org","@graph":[{"@type":"WebPage","@id":"https:\/\/mariabaydar.com\/uus\/toode\/vari\/","url":"https:\/\/mariabaydar.com\/uus\/toode\/vari\/","name":"Praktikavihik VARI - Maria Baydar","isPartOf":{"@id":"https:\/\/mariabaydar.com\/uus\/#website"},"datePublished":"2023-02-11T09:56:24+00:00","dateModified":"2023-10-16T11:18:42+00:00","description":"Varju t\u00f6\u00f6vihik toimib p\u00f5him\u00f5ttel Teadvustamine = tervenemine. Kutsun sind varju valgustamise teekonnale, mis on sinu elu k\u00f5ige t\u00e4htsam teekond.","breadcrumb":{"@id":"https:\/\/mariabaydar.com\/uus\/toode\/vari\/#breadcrumb"},"inLanguage":"en","potentialAction":[{"@type":"ReadAction","target":["https:\/\/mariabaydar.com\/uus\/toode\/vari\/"]}]},{"@type":"BreadcrumbList","@id":"https:\/\/mariabaydar.com\/uus\/toode\/vari\/#breadcrumb","itemListElement":[{"@type":"ListItem","position":1,"name":"Home","item":"https:\/\/mariabaydar.com\/uus\/"},{"@type":"ListItem","position":2,"name":"E shop","item":"https:\/\/mariabaydar.com\/uus\/pood\/"},{"@type":"ListItem","position":3,"name":"Praktikavihik VARI"}]},{"@type":"WebSite","@id":"https:\/\/mariabaydar.com\/uus\/#website","url":"https:\/\/mariabaydar.com\/uus\/","name":"Maria Baydar","description":"Koolitaja, heaolu strateeg, elustiili treener","publisher":{"@id":"https:\/\/mariabaydar.com\/uus\/#organization"},"potentialAction":[{"@type":"SearchAction","target":{"@type":"EntryPoint","urlTemplate":"https:\/\/mariabaydar.com\/uus\/?s={search_term_string}"},"query-input":"required name=search_term_string"}],"inLanguage":"en"},{"@type":"Organization","@id":"https:\/\/mariabaydar.com\/uus\/#organization","name":"Maria Baydar","url":"https:\/\/mariabaydar.com\/uus\/","logo":{"@type":"ImageObject","inLanguage":"en","@id":"https:\/\/mariabaydar.com\/uus\/#\/schema\/logo\/image\/","url":"https:\/\/mariabaydar.com\/uus\/wp-content\/uploads\/2022\/12\/logodark.png","contentUrl":"https:\/\/mariabaydar.com\/uus\/wp-content\/uploads\/2022\/12\/logodark.png","width":903,"height":71,"caption":"Maria Baydar"},"image":{"@id":"https:\/\/mariabaydar.com\/uus\/#\/schema\/logo\/image\/"},"sameAs":["https:\/\/www.facebook.com\/IgapaevaneMaagia","https:\/\/www.youtube.com\/channel\/UC-QV6MUEJz3vYYyJ_mFCRWQ","https:\/\/www.instagram.com\/maria_baydar\/"]}]}},"_links":{"self":[{"href":"https:\/\/mariabaydar.com\/uus\/wp-json\/wp\/v2\/product\/1280","targetHints":{"allow":["GET"]}}],"collection":[{"href":"https:\/\/mariabaydar.com\/uus\/wp-json\/wp\/v2\/product"}],"about":[{"href":"https:\/\/mariabaydar.com\/uus\/wp-json\/wp\/v2\/types\/product"}],"wp:featuredmedia":[{"embeddable":true,"href":"https:\/\/mariabaydar.com\/uus\/wp-json\/wp\/v2\/media\/2414"}],"wp:attachment":[{"href":"https:\/\/mariabaydar.com\/uus\/wp-json\/wp\/v2\/media?parent=1280"}],"wp:term":[{"taxonomy":"product_cat","embeddable":true,"href":"https:\/\/mariabaydar.com\/uus\/wp-json\/wp\/v2\/product_cat?post=1280"},{"taxonomy":"product_tag","embeddable":true,"href":"https:\/\/mariabaydar.com\/uus\/wp-json\/wp\/v2\/product_tag?post=1280"}],"curies":[{"name":"wp","href":"https:\/\/api.w.org\/{rel}","templated":true}]}}